me factors of 960?
2, 3, 5
List the prime factors of 3591.
3, 7, 19
What are the prime factors of 859?
859
List the prime factors of 2875.
5, 23
What are the prime factors of 164921?
83, 1987
What are the prime factors of 1758?
2, 3, 293
What are the prime factors of 16028?
2, 4007
What are the prime factors of 248?
2, 31
What are the prime factors of 1844?
2, 461
List the prime factors of 7813.
13, 601
List the prime factors of 1831.
1831
List the prime factors of 133834.
2, 61, 1097
What are the prime factors of 6935?
5, 19, 73
List the prime factors of 5412.
2, 3, 11, 41
List the prime factors of 2059.
29, 71
What are the prime factors of 14554?
2, 19, 383
What are the prime factors of 49450?
2, 5, 23, 43
List the prime factors of 603.
3, 67
What are the prime factors of 318?
2, 3, 53
What are the prime factors of 1155?
3, 5, 7, 11
List the prime factors of 19327.
7, 11, 251
What are the prime factors of 20389?
20389
List the prime factors of 52521.
3, 7, 41, 61
List the prime factors of 2279.
43, 53
What are the prime factors of 510?
2, 3, 5, 17
List the prime factors of 3854.
2, 41, 47
List the prime factors of 4953.
3, 13, 127
List the prime factors of 2161.
2161
List the prime factors of 585.
3, 5, 13
List the prime factors of 1273.
19, 67
What are the prime factors of 35367?
3, 11789
What are the prime factors of 1719?
3, 191
List the prime factors of 3322.
2, 11, 151
What are the prime factors of 5839?
5839
List the prime factors of 24116.
2, 6029
List the prime factors of 4125.
3, 5, 11
What are the prime factors of 3023?
3023
What are the prime factors of 100057?
100057
What are the prime factors of 19376?
2, 7, 173
What are the prime factors of 2062?
2, 1031
What are the prime factors of 635?
5, 127
What are the prime factors of 4798?
2, 2399
What are the prime factors of 476?
2, 7, 17
List the prime factors of 21073.
13, 1621
List the prime factors of 300.
2, 3, 5
List the prime factors of 826.
2, 7, 59
List the prime factors of 326.
2, 163
List the prime factors of 54.
2, 3
What are the prime factors of 6?
2, 3
List the prime factors of 315.
3, 5, 7
List the prime factors of 26208.
2, 3, 7, 13
List the prime factors of 94115.
5, 7, 2689
List the prime factors of 47472.
2, 3, 23, 43
What are the prime factors of 40980?
2, 3, 5, 683
List the prime factors of 1623.
3, 541
List the prime factors of 973.
7, 139
What are the prime factors of 193?
193
List the prime factors of 40005.
3, 5, 7, 127
What are the prime factors of 31729?
31729
List the prime factors of 8443.
8443
List the prime factors of 18336.
2, 3, 191
List the prime factors of 125.
5
List the prime factors of 4114.
2, 11, 17
What are the prime factors of 810?
2, 3, 5
What are the prime factors of 94337?
29, 3253
What are the prime factors of 96531?
3, 23, 1399
What are the prime factors of 10017?
3, 7, 53
List the prime factors of 2735.
5, 547
List the prime factors of 8538.
2, 3, 1423
What are the prime factors of 4247?
31, 137
List the prime factors of 55982.
2, 23, 1217
What are the prime factors of 377?
13, 29
What are the prime factors of 898?
2, 449
List the prime factors of 583.
11, 53
List the prime factors of 30327.
3, 11, 919
What are the prime factors of 27208?
2, 19, 179
List the prime factors of 1972.
2, 17, 29
What are the prime factors of 8952?
2, 3, 373
List the prime factors of 34497.
3, 3833
List the prime factors of 2403.
3, 89
List the prime factors of 57942.
2, 3, 29, 37
List the prime factors of 147197.
147197
What are the prime factors of 4931?
4931
What are the prime factors of 721?
7, 103
List the prime factors of 19384.
2, 2423
What are the prime factors of 153893?
23, 6691
List the prime factors of 27033.
3, 9011
List the prime factors of 151902.
2, 3, 29, 97
What are the prime factors of 4587?
3, 11, 139
List the prime factors of 5793.
3, 1931
List the prime factors of 143646.
2, 3, 89, 269
List the prime factors of 1259.
1259
What are the prime factors of 50784?
2, 3, 23
List the prime factors of 696.
2, 3, 29
What are the prime factors of 15634?
2, 7817
List the prime factors of 387.
3, 43
What are the prime factors of 1339?
13, 103
What are the prime factors of 2999?
2999
What are the prime factors of 18389?
7, 37, 71
What are the prime factors of 5465?
5, 1093
List the prime factors of 46580.
2, 5, 17, 137
What are the prime factors of 18490?
2, 5, 43
List the prime factors of 1271.
31, 41
What are the prime factors of 48551?
47, 1033
List the prime factors of 124.
2, 31
What are the prime factors of 60725?
5, 7, 347
List the prime factors of 2500.
2, 5
List the prime factors of 8982.
2, 3, 499
What are the prime factors of 74597?
74597
What are the prime factors of 8546?
2, 4273
What are the prime factors of 4307?
59, 73
List the prime factors of 19728.
2, 3, 137
List the prime factors of 66279.
3, 22093
List the prime factors of 19238.
2, 9619
List the prime factors of 64076.
2, 83, 193
What are the prime factors of 43178?
2, 21589
What are the prime factors of 53718?
2, 3, 7, 1279
What are the prime factors of 5373?
3, 199
What are the prime factors of 24102?
2, 3, 13, 103
What are the prime factors of 2823?
3, 941
What are the prime factors of 210?
2, 3, 5, 7
List the prime factors of 109892.
2, 83, 331
List the prime factors of 53430.
2, 3, 5, 13, 137
What are the prime factors of 32430?
2, 3, 5, 23, 47
What are the prime factors of 44435?
5, 8887
List the prime factors of 22.
2, 11
List the prime factors of 6021.
3, 223
What are the prime factors of 41215?
5, 8243
List the prime factors of 8906.
2, 61, 73
What are the prime factors of 1814?
2, 907
List the prime factors of 4343.
43, 101
What are the prime factors of 1850?
2, 5, 37
List the prime factors of 738.
2, 3, 41
List the prime factors of 130153.
157, 829
What are the prime factors of 1131?
3, 13, 29
What are the prime factors of 3755?
5, 751
List the prime factors of 22864.
2, 1429
What are the prime factors of 67506?
2, 3, 11251
What are the prime factors of 2514?
2, 3, 419
What are the prime factors of 456?
2, 3, 19
What are the prime factors of 6477?
3, 17, 127
List the prime factors of 87329.
11, 17, 467
List the prime factors of 72439.
107, 677
List the prime factors of 33192.
2, 3, 461
What are the prime factors of 4628?
2, 13, 89
What are the prime factors of 3442?
2, 1721
List the prime factors of 181.
181
What are the prime factors of 88338?
2, 3, 14723
List the prime factors of 397.
397
What are the prime factors of 58901?
58901
What are the prime factors of 24462?
2, 3, 151
List the prime factors of 3282.
2, 3, 547
List the prime factors of 2307.
3, 769
What are the prime factors of 102611?
102611
What are the prime factors of 2937?
3, 11, 89
What are the prime factors of 1129?
1129
List the prime factors of 11379.
3, 3793
What are the prime factors of 83118?
2, 3, 7, 1979
What are the prime factors of 51370?
2, 5, 11, 467
What are the prime factors of 32773?
13, 2521
List the prime factors of 471.
3, 157
What are the prime factors of 115023?
3, 23, 1667
What are the prime factors of 1732?
2, 433
What are the prime factors of 967?
967
What are the prime factors of 6004?
2, 19, 79
List the prime factors of 153110.
2, 5, 61, 251
What are the prime factors of 32753?
7, 4679
List the prime factors of 3566.
2, 1783
List the prime factors of 132972.
2, 3, 7, 1583
What are the prime factors of 2397?
3, 17, 47
What are the prime factors of 154495?
5, 11, 53
What are the prime factors of 1777?
1777
What are the prime factors of 51608?
2, 6451
List the prime factors of 3905.
5, 11, 71
What are the prime factors of 2145?
3, 5, 11, 13
List the prime factors of 127539.
3, 37, 383
List the prime factors of 4566.
2, 3, 761
What are the prime factors of 2252?
2, 563
List the prime factors of 13463.
13463
What are the prime factors of 1088?
2, 17
What are the prime factors of 14656?
2, 229
What are the prime factors of 4713?
3, 1571
List the prime factors of 3110.
2, 5, 311
List the prime factors of 2478.
2, 3, 7, 59
What are the prime factors of 7307?
7307
List the prime factors of 5353.
53, 101
List the prime factors of 880.
2, 5, 11
List the prime factors of 4782.
2, 3, 797
What are the prime factors of 8182?
2, 4091
What are the prime factors of 2160?
2, 3, 5
List the prim